{"id":20,"date":"2019-02-18T15:06:05","date_gmt":"2019-02-18T14:06:05","guid":{"rendered":"http:\/\/www3.holc.waw.pl\/?page_id=20"},"modified":"2025-12-15T14:18:45","modified_gmt":"2025-12-15T13:18:45","slug":"o-nas","status":"publish","type":"page","link":"https:\/\/www.holc.waw.pl\/index.php\/o-nas\/","title":{"rendered":"Holc i Wsp\u00f3lnicy"},"content":{"rendered":"\n<h5 class=\"has-medium-font-size\">Profesjonalne Zarz\u0105dzanie Nieruchomo\u015bciami    w Warszawie i okolicach<\/h5>\n\n\n\n<p class=\"has-text-align-left has-medium-font-size\">Holc i Wsp\u00f3lnicy to Tw\u00f3j zaufany partner w <strong>Zarz\u0105dzaniu Nieruchomo\u015bciami w Warszawie i okolicach<\/strong>. Od stycznia 2002 roku gwarantujemy kompleksow\u0105 obs\u0142ug\u0119 wsp\u00f3lnot mieszkaniowych, opart\u0105 na g\u0142\u0119bokiej wiedzy prawnej, technicznej i ksi\u0119gowej. Jeste\u015bmy liderem na warszawskim rynku \u2013 zarz\u0105dzamy nieruchomo\u015bciami tak, jakby by\u0142y nasze w\u0142asne, dbaj\u0105c o ich stan techniczny i finanse.<\/p>\n\n\n\n<h5 class=\"has-medium-font-size\">Dlaczego Holc i Wsp\u00f3lnicy to Lider Rynku?<\/h5>\n\n\n\n<p class=\"has-medium-font-size\">Nasza przewaga opiera si\u0119 na unikalnym po\u0142\u0105czeniu do\u015bwiadczenia praktycznego, wiedzy i doskona\u0142ych, zaanga\u017cowanych pracownikach.<\/p>\n\n\n\n<div class=\"wp-block-columns\">\n<div class=\"wp-block-column\" style=\"flex-basis:100%\">\n<ul class=\"has-medium-font-size\"><li><strong>Do\u015bwiadczenie i Skala:<\/strong> Zarz\u0105dzamy i administrujemy ponad 90 wsp\u00f3lnotami mieszkaniowymi o \u0142\u0105cznej powierzchni przekraczaj\u0105cej 700 000 m\u00b2.<\/li><li><strong>Zesp\u00f3\u0142 Ekspert\u00f3w:<\/strong> Za naszym sukcesem stoi zesp\u00f3\u0142 licencjonowanych zarz\u0105dc\u00f3w, do\u015bwiadczeni ksi\u0119gowi oraz dzia\u0142 prawny, kt\u00f3ry skutecznie i szybko rozwi\u0105zuje problemy.<\/li><li><strong>Lokalna Specjalizacja:<\/strong> Cho\u0107 jeste\u015bmy wiod\u0105cym <strong>zarz\u0105dc\u0105 nieruchomo\u015bci w Warszawie<\/strong>, obs\u0142ugujemy tak\u017ce dynamicznie rozwijaj\u0105ce si\u0119 wsp\u00f3lnoty w jej okolicach.<\/li><\/ul>\n\n\n\n<div class=\"wp-block-columns\">\n<div class=\"wp-block-column\" style=\"flex-basis:100%\">\n<h5 class=\"has-medium-font-size\">Pe\u0142ny Zakres Us\u0142ug Zarz\u0105dzania Nieruchomo\u015bciami<\/h5>\n<\/div>\n<\/div>\n\n\n\n<p class=\"has-medium-font-size\">Oferujemy transparentne i kompleksowe us\u0142ugi, kt\u00f3re zapewniaj\u0105 stabilno\u015b\u0107 finansow\u0105 i techniczn\u0105 Twojej nieruchomo\u015bci.<\/p>\n\n\n\n<h5 class=\"has-medium-font-size\">Administrowanie i Obs\u0142uga Finansowa (Ksi\u0119gowo\u015b\u0107)<\/h5>\n\n\n\n<p class=\"has-medium-font-size\">Zapewniamy bezb\u0142\u0119dne porz\u0105dkowanie nawet najbardziej zaniedbanych finans\u00f3w wsp\u00f3lnoty.<\/p>\n\n\n\n<ul class=\"has-medium-font-size\"><li>Prowadzenie pe\u0142nej ksi\u0119gowo\u015bci i rozlicze\u0144 z dostawcami.<\/li><li>Windykacja zaleg\u0142o\u015bci i terminowe rozliczanie medi\u00f3w.<\/li><li>Sporz\u0105dzanie i prezentacja rocznych sprawozda\u0144 finansowych.<\/li><li>Mo\u017cliwy jest te\u017c<em> <\/em>Audyt Ksi\u0119gowy Wsp\u00f3lnot Mieszkaniowych.<\/li><\/ul>\n\n\n\n<h5 class=\"has-medium-font-size\">Specjalne Oferty: Deweloperzy i Po\u015brednictwo<\/h5>\n\n\n\n<h5 class=\"has-medium-font-size\">Wsparcie dla Deweloper\u00f3w \u2013 administrowanie w Okresie Przej\u015bciowym<\/h5>\n\n\n\n<p>Jeste\u015bmy kluczowym partnerem dla deweloper\u00f3w. Przejmujemy na siebie wszystkie obowi\u0105zki zwi\u0105zane z administrowaniem budynkiem od momentu zasiedlenia, a\u017c do powstania Wsp\u00f3lnoty Mieszkaniowej.<\/p>\n\n\n\n<ul class=\"has-medium-font-size\"><li>Kompleksowe administrowanie budynkiem i odbiory techniczne.<\/li><li>Przygotowanie i wdra\u017canie porozumie\u0144 finansowych.<\/li><li>Zobacz nasz\u0105 <strong><a href=\"https:\/\/www.holc.waw.pl\/oferta-dla-deweloperow\/\" target=\"_blank\" rel=\"noreferrer noopener\">Ofert\u0119 dla Deweloper\u00f3w<\/a><\/strong>.<\/li><\/ul>\n\n\n\n<h5 class=\"has-medium-font-size\">Licencjonowane Po\u015brednictwo w Obrocie Nieruchomo\u015bciami<\/h5>\n\n\n\n<p class=\"has-medium-font-size\">Oferujemy r\u00f3wnie\u017c sprzeda\u017c, kupno i wynajem lokali mieszkalnych oraz us\u0142ugowych. Nasz licencjonowany po\u015brednik w obrocie nieruchomo\u015bciami, zapewnia pe\u0142ne bezpiecze\u0144stwo transakcji. <\/p>\n\n\n\n<h5 class=\"has-medium-font-size\">Skontaktuj si\u0119 z do\u015bwiadczonym Zarz\u0105dc\u0105<\/h5>\n\n\n\n<p class=\"has-medium-font-size\">Je\u015bli szukasz stabilnego i odpowiedzialnego partnera do <strong>zarz\u0105dzania nieruchomo\u015bciami w Warszawie i okolicach<\/strong>, kt\u00f3ry \u0142\u0105czy wiedz\u0119 administracyjn\u0105 z techniczn\u0105, skontaktuj si\u0119 z nami.<\/p>\n\n\n\n<p class=\"has-medium-font-size\"><a href=\"https:\/\/aleholc.wixsite.com\/aleksandraholc\" target=\"_blank\" rel=\"noreferrer noopener\"><strong>Popro\u015b o Ofert\u0119 Indywidualn\u0105<\/strong> <strong>dla swojej wsp\u00f3lnoty<\/strong><\/a><\/p>\n<\/div>\n<\/div>\n","protected":false},"excerpt":{"rendered":"<p>Wyj\u0105tkowe zarz\u0105dzanie nieruchomo\u015bciami<\/p>\n","protected":false},"author":1,"featured_media":361,"parent":0,"menu_order":0,"comment_status":"closed","ping_status":"closed","template":"","meta":[],"_links":{"self":[{"href":"https:\/\/www.holc.waw.pl\/index.php\/wp-json\/wp\/v2\/pages\/20"}],"collection":[{"href":"https:\/\/www.holc.waw.pl\/index.php\/wp-json\/wp\/v2\/pages"}],"about":[{"href":"https:\/\/www.holc.waw.pl\/index.php\/wp-json\/wp\/v2\/types\/page"}],"author":[{"embeddable":true,"href":"https:\/\/www.holc.waw.pl\/index.php\/wp-json\/wp\/v2\/users\/1"}],"replies":[{"embeddable":true,"href":"https:\/\/www.holc.waw.pl\/index.php\/wp-json\/wp\/v2\/comments?post=20"}],"version-history":[{"count":20,"href":"https:\/\/www.holc.waw.pl\/index.php\/wp-json\/wp\/v2\/pages\/20\/revisions"}],"predecessor-version":[{"id":365,"href":"https:\/\/www.holc.waw.pl\/index.php\/wp-json\/wp\/v2\/pages\/20\/revisions\/365"}],"wp:featuredmedia":[{"embeddable":true,"href":"https:\/\/www.holc.waw.pl\/index.php\/wp-json\/wp\/v2\/media\/361"}],"wp:attachment":[{"href":"https:\/\/www.holc.waw.pl\/index.php\/wp-json\/wp\/v2\/media?parent=20"}],"curies":[{"name":"wp","href":"https:\/\/api.w.org\/{rel}","templated":true}]}}