{"id":304,"date":"2025-08-28T14:24:20","date_gmt":"2025-08-28T12:24:20","guid":{"rendered":"https:\/\/www.holc.waw.pl\/?page_id=304"},"modified":"2025-09-04T15:37:54","modified_gmt":"2025-09-04T13:37:54","slug":"oferta-dla-deweloperow","status":"publish","type":"page","link":"https:\/\/www.holc.waw.pl\/index.php\/oferta-dla-deweloperow\/","title":{"rendered":"Oferta dla deweloper\u00f3w"},"content":{"rendered":"\n<h5>Zarz\u0105dzanie w okresie przej\u015bciowym<\/h5>\n\n\n\n<p>Rozszerzyli\u015bmy nasz\u0105 ofert\u0119 o us\u0142ug\u0119 <strong>zarz\u0105dzania nieruchomo\u015bciami w okresie przej\u015bciowym<\/strong> \u2013 czyli od momentu wydania kluczy nabywcom lokali a\u017c do chwili podpisania um\u00f3w przeniesienia w\u0142asno\u015bci i powo\u0142ania Wsp\u00f3lnoty Mieszkaniowej.<\/p>\n\n\n\n<p>To kluczowy etap ka\u017cdej inwestycji, wymagaj\u0105cy sprawnej organizacji i bie\u017c\u0105cej obs\u0142ugi. Przejmujemy na siebie wszystkie obowi\u0105zki zwi\u0105zane z administrowaniem budynkiem, aby deweloper m\u00f3g\u0142 skupi\u0107 si\u0119 na realizacji kolejnych projekt\u00f3w bez konieczno\u015bci anga\u017cowania zasob\u00f3w w proces zasiedlania nieruchomo\u015bci.<\/p>\n\n\n\n<h3>Zakres obs\u0142ugi obejmuje m.in.:<\/h3>\n\n\n\n<ul><li>kompleksowe administrowanie budynkiem,<\/li><li>prowadzenie ewidencji wp\u0142at oraz rozlicze\u0144,<\/li><li>odbiory techniczne dla W\u0142a\u015bcicieli i Dewelopera<\/li><li>wsparcie prawne zwi\u0105zane z u\u017cytkowaniem nieruchomo\u015bci,<\/li><li>przygotowanie i wdra\u017canie porozumie\u0144 pomi\u0119dzy deweloperem a kupuj\u0105cymi dotycz\u0105cych zasad finansowania koszt\u00f3w utrzymania budynku,<\/li><li>przyjmowanie i obs\u0142ug\u0119 zg\u0142osze\u0144 usterek,<\/li><li>organizacj\u0119 infrastruktury potrzebnej podczas zasiedlania (np. kontener\u00f3w na odpady budowlane),<\/li><li>udzielanie informacji mieszka\u0144com dotycz\u0105cych funkcjonowania budynku.<\/li><\/ul>\n\n\n\n<h3>Dlaczego warto?<\/h3>\n\n\n\n<p>Dzi\u0119ki naszemu do\u015bwiadczeniu i sprawdzonym procedurom deweloperzy zyskuj\u0105 pewno\u015b\u0107, \u017ce budynek jest w\u0142a\u015bciwie zarz\u0105dzany od pierwszego dnia u\u017cytkowania. To minimalizuje ryzyko problem\u00f3w organizacyjnych, zwi\u0119ksza satysfakcj\u0119 klient\u00f3w i pozwala p\u0142ynnie przej\u015b\u0107 do etapu funkcjonowania Wsp\u00f3lnoty Mieszkaniowej.<\/p>\n\n\n\n<h3>Dodatkowe wsparcie<\/h3>\n\n\n\n<p>Oferujemy r\u00f3wnie\u017c <strong>sprzeda\u017c lokali mieszkalnych i us\u0142ugowych<\/strong> prowadzon\u0105 przez licencjonowanego po\u015brednika w obrocie nieruchomo\u015bciami \u2013 na preferencyjnych warunkach dla naszych Partner\u00f3w.<\/p>\n","protected":false},"excerpt":{"rendered":"<p>Zarz\u0105dzanie w okresie przej\u015bciowym Rozszerzyli\u015bmy nasz\u0105 ofert\u0119 o us\u0142ug\u0119 zarz\u0105dzania nieruchomo\u015bciami w okresie przej\u015bciowym \u2013 czyli od momentu wydania kluczy nabywcom lokali a\u017c do chwili podpisania um\u00f3w przeniesienia w\u0142asno\u015bci i powo\u0142ania Wsp\u00f3lnoty Mieszkaniowej. To kluczowy etap ka\u017cdej inwestycji, wymagaj\u0105cy sprawnej organizacji i bie\u017c\u0105cej obs\u0142ugi. Przejmujemy na siebie wszystkie obowi\u0105zki zwi\u0105zane z administrowaniem budynkiem, aby deweloper &hellip; <a href=\"https:\/\/www.holc.waw.pl\/index.php\/oferta-dla-deweloperow\/\" class=\"more-link\">Czytaj dalej <span class=\"screen-reader-text\">Oferta dla deweloper\u00f3w<\/span><\/a><\/p>\n","protected":false},"author":2,"featured_media":307,"parent":0,"menu_order":0,"comment_status":"closed","ping_status":"closed","template":"","meta":[],"_links":{"self":[{"href":"https:\/\/www.holc.waw.pl\/index.php\/wp-json\/wp\/v2\/pages\/304"}],"collection":[{"href":"https:\/\/www.holc.waw.pl\/index.php\/wp-json\/wp\/v2\/pages"}],"about":[{"href":"https:\/\/www.holc.waw.pl\/index.php\/wp-json\/wp\/v2\/types\/page"}],"author":[{"embeddable":true,"href":"https:\/\/www.holc.waw.pl\/index.php\/wp-json\/wp\/v2\/users\/2"}],"replies":[{"embeddable":true,"href":"https:\/\/www.holc.waw.pl\/index.php\/wp-json\/wp\/v2\/comments?post=304"}],"version-history":[{"count":3,"href":"https:\/\/www.holc.waw.pl\/index.php\/wp-json\/wp\/v2\/pages\/304\/revisions"}],"predecessor-version":[{"id":308,"href":"https:\/\/www.holc.waw.pl\/index.php\/wp-json\/wp\/v2\/pages\/304\/revisions\/308"}],"wp:featuredmedia":[{"embeddable":true,"href":"https:\/\/www.holc.waw.pl\/index.php\/wp-json\/wp\/v2\/media\/307"}],"wp:attachment":[{"href":"https:\/\/www.holc.waw.pl\/index.php\/wp-json\/wp\/v2\/media?parent=304"}],"curies":[{"name":"wp","href":"https:\/\/api.w.org\/{rel}","templated":true}]}}